1 - 1?
50
In base 5, what is -11133 + -14?
-11202
In base 10, what is -66 + -230?
-296
In base 9, what is 7 - -114?
122
In base 3, what is -11 - -121000?
120212
In base 13, what is -ba + -4?
-c1
In base 16, what is 1 + -18?
-17
In base 5, what is 22200 + 0?
22200
In base 14, what is 11b - 6?
115
In base 14, what is 55 - 6?
4d
In base 6, what is -30 - 44?
-114
In base 2, what is -11 - 100101?
-101000
In base 16, what is -da - 2?
-dc
In base 14, what is -2 - -1dc6?
1dc4
In base 5, what is 14012 + 3?
14020
In base 12, what is 2 - 159a?
-1598
In base 12, what is -5 - -11b4?
11ab
In base 5, what is -4 + 400?
341
In base 3, what is -10 + 2220?
2210
In base 2, what is 0 + 10000011?
10000011
In base 4, what is -30321 + -2?
-30323
In base 6, what is -20 + -122?
-142
In base 12, what is -6 - -b?
5
In base 11, what is -5 + -1383?
-1388
In base 4, what is 1 - -102?
103
In base 6, what is -25 - 53?
-122
In base 11, what is 1823 + -3?
1820
In base 12, what is 2078 + 5?
2081
In base 16, what is -22e + -12?
-240
In base 7, what is 23 + -4?
16
In base 6, what is 135 + -5?
130
In base 16, what is -552 - -5?
-54d
In base 5, what is 102 + 11?
113
In base 6, what is -11033 - -3?
-11030
In base 6, what is 205 - -2?
211
In base 16, what is 0 + -3b?
-3b
In base 12, what is 4 - -4a8?
4b0
In base 16, what is 0 - -70?
70
In base 10, what is 4626 - -4?
4630
In base 4, what is 12330 + -3?
12321
In base 14, what is -5c - -3?
-59
In base 10, what is -230 - -5?
-225
In base 14, what is 3c + -2?
3a
In base 9, what is -17182 + -5?
-17187
In base 13, what is -2 - b98?
-b9a
In base 4, what is -321 - 13?
-1000
In base 6, what is -5 + -423?
-432
In base 4, what is 112 + -11001?
-10223
In base 4, what is 112 + 0?
112
In base 8, what is -1 - 12113?
-12114
In base 6, what is -3 - -222?
215
In base 6, what is -22434 + -5?
-22443
In base 6, what is -12 - -403?
351
In base 11, what is 22 - 5?
18
In base 4, what is -22112 - -1?
-22111
In base 14, what is -3 + -9c?
-a1
In base 2, what is -100010 - 10101?
-110111
In base 14, what is 5ad + -b?
5a2
In base 4, what is 31002 - -3?
31011
In base 10, what is -1 - -560?
559
In base 3, what is 100 + 20220?
21020
In base 10, what is 4 - 93?
-89
In base 9, what is -2 + 47?
45
In base 11, what is -1a + -864?
-883
In base 4, what is 13 - 1120?
-1101
In base 4, what is -1102 - 1?
-1103
In base 16, what is 2 + -112?
-110
In base 3, what is -12 + -210000?
-210012
In base 11, what is 49 + -49?
0
In base 3, what is 1000021 - 11?
1000010
In base 14, what is -4 + -16?
-1a
In base 8, what is 2 - -1026?
1030
In base 10, what is 3 - -32?
35
In base 12, what is -42 - -12?
-30
In base 16, what is 3 - -4e8?
4eb
In base 13, what is 24 - -40?
64
In base 2, what is -1 - 100101100?
-100101101
In base 7, what is 3 + -1015?
-1012
In base 8, what is -3 - -56?
53
In base 12, what is 3 + -26bb?
-26b8
In base 15, what is -45 + 5?
-40
In base 10, what is 46 - -2?
48
In base 7, what is -5 - -4002?
3664
In base 14, what is -1a8c - 8?
-1a96
In base 13, what is 12 + -4?
b
In base 8, what is -1115 + 1?
-1114
In base 11, what is -389 + 1?
-388
In base 16, what is e - a?
4
In base 6, what is 0 - 44?
-44
In base 10, what is -377 - -1?
-376
In base 13, what is 823 - 5?
81b
In base 16, what is 116 + -7?
10f
In base 6, what is 12 + 13?
25
In base 9, what is -5 - -46?
41
In base 11, what is 119 + a?
128
In base 7, what is -320 + -5?
-325
In base 10, what is 2 - -502?
504
In base 8, what is -24476 - 4?
-24502
In base 9, what is 1 - 71?
-70
In base 5, what is -4 + 1332?
1323
In base 9, what is 3073 - -5?
3078
In base 3, what is -2 - -110011?
110002
In base 9, what is 4823 + 4?
4827
In base 3, what is 11001 - 10?
10221
In base 12, what is -313 + 2?
-311
In base 7, what is -50 + -12?
-62
In base 12, what is 30 + 0?
30
In base 15, what is -1d + -17?
-35
In base 6, what is 42 + 1?
43
In base 3, what is -1212 - 20?
-2002
In base 14, what is 4 + -188?
-184
In base 15, what is 33 - 9?
29
In base 14, what is 0 + d02?
d02
In base 2, what is -1001 - 0?
-1001
In base 2, what is -10000001 + 100111?
-1011010
In base 14, what is -36 - 5?
-3b
In base 9, what is -216 + -1?
-217
In base 9, what is -3 + -156?
-160
In base 7, what is -12062 - 11?
-12103
In base 2, what is -1000010 + 0?
-1000010
In base 4, what is 31 + -22?
3
In base 6, what is 1115 - 4?
1111
In base 15, what is 12 - -193?
1a5
In base 13, what is 8 + -1298?
-1290
In base 7, what is -3 - -21?
15
In base 8, what is 62 - -452?
534
In base 12, what is 5 + -270?
-267
In base 11, what is -12 + -391?
-3a3
In base 15, what is 3 + -d?
-a
In base 15, what is b - 9?
2
In base 10, what is -81 + -3?
-84
In base 7, what is -2 + -6103?
-6105
In base 11, what is 10 - -56?
66
In base 4, what is 11 + -300?
-223
In base 8, what is -65 + -147?
-234
In base 5, what is 2103 - 10?
2043
In base 12, what is -2 + 1b4?
1b2
In base 11, what is -4 - -3881?
3878
In base 6, what is -4 + -11002?
-11010
In base 16, what is -1f + -e?
-2d
In base 14, what is 4 - 0?
4
In base 4, what is -101 - 20?
-121
In base 5, what is 10 - 213?
-203
In base 7, what is -3 - -1?
-2
In base 4, what is 120222 - -1?
120223
In base 14, what is -20 + 35?
15
In base 4, what is -21 + -302?
-323
In base 16, what is 7 + bf?
c6
In base 9, what is -1770 + -1?
-1771
In base 5, what is -12 + -310?
-322
In base 16, what is f6 + -2?
f4
In base 6, what is 23110 - 5?
23101
In base 10, what is -6 + 46?
40
In base 16, what is 183 + 4?
187
In base 6, what is 0 + 530?
530
In base 16, what is 2 + 13?
15
In base 5, what is 12 - -24?
41
In base 8, what is -21016 + -4?
-21022
In base 2, what is 0 + -101101101101?
-101101101101
In base 4, what is 310 + -13?
231
In base 11, what is 3 + 234?
237
In base 16, what is 218 + -2?
216
In base 5, what is 3 + -113?
-110
In base 11, what is 0 - 89?
-89
In base 13, what is 196 + -2?
194
In base 6, what is 5 - -220?
225
In base 8, what is -40 - -7?
-31
In base 10, what is -3 + -32?
-35
In base 9, what is 1 + 27?
28
In base 10, what is -2241 + 4?
-2237
In base 6, what is -1502 + -11?
-1513
In base 9, what is -6487 - -1?
-6486
In base 10, what is -1 + 70?
69
In base 9, what is 237 - 2?
235
In base 13, what is -10 + -6?
-16
In base 6, what is -12402 + -3?
-12405
In base 11, what is 8 + 32?
3a
In base 6, what is -11114 + -5?
-11123
In base 10, what is 4 - 331?
-327
In base 3, what is 1101121 + 0?
1101121
In base 13, what is a + -1b?
-11
In base 14, what is -2b8 - 5?
-2bd
In base 8, what is -27 + -2352?
-2401
In base 11, what is -5 + -3?
-8
In base 16, what is -2 + -26?
-28
In base 7, what is -2 + -234?
-236
In base 7, what is -262 - 13?
-305
In base 12, what is 921 + 4?
925
In base 12, what is -62 - 22?
-84
In base 15, what is -15b8 - -4?
-15b4
In base 15, what is -4aa2 + 5?
-4a9c
In base 14, what is -7 + b?
4
In base 11, what is 60 + 267?
317
In base 2, what is 101101110101 + -100?
101101110001
In base 5, what is -3 - 211340?
-211343
In base 16, what is 2f + 114?
143
In base 7, what is 361 - -5?
366
In base 7, what is 0 + -44?
-44
In base 5, what is -224 - 131?
-410
In base 12, what is -4 - -6b?
67
In base 9, what is -10 - -2?
-7
In base 12, what is 59b + -4?
597
In base 13, what is -112 - -8?
-107
In base 5, what is -1300 - -2?
-1243
In base 4, what is 2 + 11103?
11111
In base 16, what is 4 + -af?
-ab
In base 8, what is 151 - -4?
155
In base 3, what is 2011 - 1?
2010
In base 15, what is 5 - 951?
-94b
In base 14, what is -3 + 24?
21
In base 6, what is 3 + -153?
-150
In base 11, what is 3 + 125?
128
In base 4, what is -103 - 2330?
-3033
In base 16, what is 829 - -4?
82d
In base 3, what is -10 + 2110?
2100
In base 6, what is -2 - -52?
50
In base 8, what is 7 - 26?
-17
In base 14, what is -17 - -1?
-16
In base 5, what is -41 + -11?
-102
In base 14, what is -3 + 97a?
977
In base 14, what is -741 + 7?
-738
In base 10, what is 5 - -6?
11
In base 16, what is d2bf + 5?
d2c4
In base 3, what is -1021011 - 2?
-1021020
In base 7, what is -3524 + -4?
-3531
In base 4, what is 11 + 122003?
122020
In base 16, what is 39 + -29?
10
In base 15, what is 5d + -5?
58
In base 8, what is -26 + -17?
-45
In base 8, what is 5 + -107?
-102
In base 8, what is 0 + -245?
-245
In base 5, what is 32 - -24?
111
In base 14, what is -3 - 456?
-459
In base 7, what is 105 + 16?
124
In base 8, what is 0 + -5145?
-514